 8188?
8102
In base 5, what is -1 - -20114400122?
20114400121
In base 8, what is 3465304 + 6?
3465312
In base 11, what is 10538 - -156a?
11aa7
In base 2, what is -11100100101 + 1000111001110010?
1000011101001101
In base 2, what is -11111110010100110 + 1101110?
-11111110000111000
In base 9, what is 2 + -5571885?
-5571883
In base 12, what is -3b64082 + 7?
-3b64077
In base 5, what is 1024 - -324324034?
324330113
In base 7, what is 31550335 - -356?
31551024
In base 3, what is -1110010120020 + -1111?
-1110010121201
In base 16, what is f7 - -31370?
31467
In base 9, what is -1126146 - -2?
-1126144
In base 15, what is -3 + -112da1?
-112da4
In base 11, what is -9931 + 3892?
-604a
In base 6, what is -1315344234 + 13?
-1315344221
In base 14, what is -169 - 863c?
-87a7
In base 6, what is -11342531 - 42?
-11343013
In base 8, what is 210 - -746443?
746653
In base 12, what is -980854 - 2?
-980856
In base 14, what is 212 - -925b?
946d
In base 12, what is -13 + 2586b?
25858
In base 9, what is 137125 + 500?
137625
In base 11, what is -458a127 + 1?
-458a126
In base 16, what is -2f - 1a03ea?
-1a0419
In base 16, what is 95 - 1d1879?
-1d17e4
In base 15, what is 48 + -45c08?
-45bb0
In base 7, what is -2214 + -40155?
-42402
In base 10, what is -5031 + 19515?
14484
In base 8, what is 1501113553 + -2?
1501113551
In base 12, what is -3604aa0 + -3?
-3604aa3
In base 5, what is 210 + 2434100?
2434310
In base 16, what is 44c - -10d2e7?
10d733
In base 9, what is 158 - -258552?
258721
In base 16, what is 20d6 - -220?
22f6
In base 9, what is 1022641 + -11?
1022630
In base 6, what is 4353254315 - 4?
4353254311
In base 4, what is 0 + -11331100020?
-11331100020
In base 5, what is 323134134330 + 10?
323134134340
In base 6, what is -13501 + -3434304?
-3452205
In base 14, what is 2d166 + -8b?
2d0b9
In base 7, what is 16053 - -145430?
164513
In base 13, what is 22c + -23175?
-22c46
In base 15, what is -1844c4 - 1d?
-1844e2
In base 4, what is 10131 - 3030302030?
-3030231233
In base 4, what is 3233310 - 22133010?
-12233100
In base 12, what is -2995 + 43?
-2952
In base 15, what is 405 - -12591?
12996
In base 5, what is -30413420 - 30?
-30414000
In base 3, what is 100200 + -21022112001?
-21022011101
In base 16, what is -9 - -4dee?
4de5
In base 16, what is e - -32df?
32ed
In base 9, what is -13536 - -24554?
11017
In base 11, what is 1a0 - 1546a?
-1527a
In base 9, what is 441 - 564735?
-564284
In base 9, what is 3 + -6071776?
-6071773
In base 12, what is 581702 + -1?
581701
In base 4, what is 200211130131322 + -11?
200211130131311
In base 11, what is -4993 - 76?
-4a59
In base 3, what is 22121022011112 + -10?
22121022011102
In base 2, what is 1001101101010001110011011 + -1010?
1001101101010001110010001
In base 2, what is 1111 + -11100111010111100?
-11100111010101101
In base 4, what is 3120202 - -131?
3120333
In base 13, what is -2016 + 28302?
262b9
In base 13, what is -3 + 111c0c4?
111c0c1
In base 6, what is -1051314 - 2553?
-1054311
In base 3, what is -11 + -1021210002112201?
-1021210002112212
In base 4, what is 3323 - -3030123?
3100112
In base 2, what is 1001101110 + 111100110?
10001010100
In base 3, what is 120010 - 1220020121?
-1212200111
In base 9, what is -18121 + 3676?
-14334
In base 10, what is -70487 + 511?
-69976
In base 2, what is -10 + 111011010100011101001?
111011010100011100111
In base 8, what is 1044 - -2132?
3176
In base 8, what is 14354 + 20200?
34554
In base 14, what is 268a + 54ba1?
5744b
In base 11, what is -750 + 65a5?
5955
In base 16, what is ca - 6cbbc?
-6caf2
In base 14, what is -84b1 + -ab?
-857c
In base 2, what is 110010111011100011111111 - 10?
110010111011100011111101
In base 13, what is 250b + -49?
2492
In base 5, what is 1 + 22214423013?
22214423014
In base 11, what is -63 - -1996aa?
199647
In base 2, what is -100101000110011110111 + -11?
-100101000110011111010
In base 13, what is 10299 + -7a6?
c7c3
In base 2, what is -1000011010001111001000111 + 101?
-1000011010001111001000010
In base 2, what is 100 + -1001101001100110010001?
-1001101001100110001101
In base 11, what is 111961 + -130?
111831
In base 3, what is 120222 - -21221212120?
21222110112
In base 3, what is 202022 - 10112100220?
-10111121121
In base 11, what is -1a1 + -24a115a?
-24a1350
In base 8, what is 60272425 - 3?
60272422
In base 7, what is 344655025 - 3?
344655022
In base 8, what is -71230423 - 3?
-71230426
In base 7, what is 3 - -224350660?
224350663
In base 3, what is -21012200 + 2211011?
-11101112
In base 13, what is 70857 + 16a?
709c4
In base 16, what is -5 + 42dcb9?
42dcb4
In base 5, what is 300312330 + 340?
300313220
In base 5, what is -111324101234 - -1?
-111324101233
In base 15, what is -d79845a3 + -1?
-d79845a4
In base 11, what is -66701599 - 3?
-667015a1
In base 3, what is -1122 + 11111111?
11102212
In base 12, what is 367 + 1713?
1a7a
In base 6, what is 33 - -203553022?
203553055
In base 9, what is -331853 - 653?
-332616
In base 3, what is -1020101101 + -11000?
-1020112101
In base 12, what is -1060 + 26a?
-9b2
In base 11, what is 3637542 - a?
3637533
In base 8, what is 3216011 + -21?
3215770
In base 16, what is -975 + b5ca?
ac55
In base 13, what is -28852a + -3?
-288530
In base 13, what is -5b35128 + -6?
-5b35131
In base 6, what is 13445334 - 522?
13444412
In base 7, what is -2 - 133103211?
-133103213
In base 7, what is -2 - 211620250?
-211620252
In base 8, what is -1 - -1173456?
1173455
In base 5, what is -1234232424 - -1?
-1234232423
In base 9, what is 22 + -18814747?
-18814725
In base 4, what is 2322112313 - -13?
2322112332
In base 7, what is 3616460 - -34?
3616524
In base 10, what is -79773 + 0?
-79773
In base 16, what is 29a14 - 17?
299fd
In base 2, what is -10 + -11001001110111110001010?
-11001001110111110001100
In base 2, what is 100100111001 + 110100101000111?
111001010000000
In base 8, what is 105201432 - 3?
105201427
In base 11, what is -6181 + 870?
-5411
In base 2, what is -1000001101110 - 10000100011?
-1010010010001
In base 10, what is 2 + -2497659?
-2497657
In base 5, what is 2232333121 - -10?
2232333131
In base 11, what is 184002 - 666?
183447
In base 5, what is 2304410210 - 10?
2304410200
In base 8, what is -52 - 563510?
-563562
In base 5, what is -10 - -120103032431?
120103032421
In base 3, what is -110 - 1022001222012?
-1022001222122
In base 11, what is 46 - -621116?
621161
In base 11, what is -9 - 604819?
-604827
In base 14, what is -30989 - -436?
-30553
In base 2, what is 101 + 10100000101110011100110?
10100000101110011101011
In base 4, what is 21313203330133 + 1?
21313203330200
In base 15, what is -1e2c - 73?
-1ea0
In base 6, what is -2 - 21214315?
-21214321
In base 8, what is 243500021 - -1?
243500022
In base 5, what is -1041032212 + 2?
-1041032210
In base 16, what is -9 - -18021cf?
18021c6
In base 2, what is -110010111111101111010000 + 111?
-110010111111101111001001
In base 12, what is -70 - -4700?
4650
In base 4, what is 10 - -31002213032?
31002213102
In base 3, what is 1 - -1021220000222?
1021220001000
In base 14, what is 2 + 896683?
896685
In base 5, what is -303340021 + -2211?
-303342232
In base 10, what is 32308 + -515?
31793
In base 5, what is -1440 + -11102103?
-11104043
In base 14, what is 340db74 + -5?
340db6d
In base 10, what is -1600 + 1158?
-442
In base 7, what is 3 + 3241544664?
3241545000
In base 11, what is 8 - 3243994?
-3243987
In base 15, what is c2a6b + c2?
c2b3d
In base 5, what is 11230 - 22034?
-10304
In base 6, what is 0 + -55420013424?
-55420013424
In base 4, what is 21 - 311001232?
-311001211
In base 5, what is -1210 + -40303202?
-40304412
In base 11, what is 1a63 - -6660?
8613
In base 5, what is -1430401212 + -1131?
-1430402343
In base 3, what is -10210 + 222202200?
222121220
In base 10, what is 2 + 1702615?
1702617
In base 15, what is -5 - -96908d?
969088
In base 11, what is -32182 + -20?
-321a2
In base 14, what is -b22 - -963?
-19d
In base 15, what is 2 - b9ee152?
-b9ee150
In base 8, what is 2 - -20047331?
20047333
In base 14, what is -6add9 - -696?
-6a743
In base 2, what is 110001110010011001 - 10100011?
110001101111110110
In base 14, what is -2db7 + 454?
-2963
In base 10, what is -8946 - -1153?
-7793
In base 4, what is -1321123023 + 10310?
-1321112113
In base 12, what is -5 + b418a394?
b418a38b
In base 16, what is -a - 601be7?
-601bf1